{"id":1088754,"date":"2025-09-01T11:20:38","date_gmt":"2025-09-01T15:20:38","guid":{"rendered":"https:\/\/www.poland2027.ca\/faq\/pre-jamboree\/"},"modified":"2025-09-01T11:36:27","modified_gmt":"2025-09-01T15:36:27","slug":"pre-jamboree","status":"publish","type":"page","link":"https:\/\/www.poland2027.ca\/fr\/faq\/pre-jamboree\/","title":{"rendered":"Pr\u00e9-Jamboree"},"content":{"rendered":"<p>[et_pb_section fb_built=\u00a0\u00bb1&Prime; theme_builder_area=\u00a0\u00bbpost_content\u00a0\u00bb _builder_version=\u00a0\u00bb4.27.4&Prime; _module_preset=\u00a0\u00bbdefault\u00a0\u00bb][et_pb_row _builder_version=\u00a0\u00bb4.27.4&Prime; _module_preset=\u00a0\u00bbdefault\u00a0\u00bb theme_builder_area=\u00a0\u00bbpost_content\u00a0\u00bb][et_pb_column _builder_version=\u00a0\u00bb4.27.4&Prime; _module_preset=\u00a0\u00bbdefault\u00a0\u00bb type=\u00a0\u00bb4_4&Prime; theme_builder_area=\u00a0\u00bbpost_content\u00a0\u00bb][et_pb_heading title=\u00a0\u00bbQuestions sur le pr\u00e9-Jamboree\u00a0\u00bb _builder_version=\u00a0\u00bb4.27.4&Prime; _module_preset=\u00a0\u00bbdefault\u00a0\u00bb theme_builder_area=\u00a0\u00bbpost_content\u00a0\u00bb hover_enabled=\u00a0\u00bb0&Prime; sticky_enabled=\u00a0\u00bb0&Prime;][\/et_pb_heading][\/et_pb_column][\/et_pb_row][et_pb_row _builder_version=\u00a0\u00bb4.27.4&Prime; _module_preset=\u00a0\u00bbdefault\u00a0\u00bb theme_builder_area=\u00a0\u00bbpost_content\u00a0\u00bb][et_pb_column _builder_version=\u00a0\u00bb4.27.4&Prime; _module_preset=\u00a0\u00bbdefault\u00a0\u00bb type=\u00a0\u00bb4_4&Prime; theme_builder_area=\u00a0\u00bbpost_content\u00a0\u00bb][et_pb_accordion _builder_version=\u00a0\u00bb4.27.4&Prime; _module_preset=\u00a0\u00bbdefault\u00a0\u00bb theme_builder_area=\u00a0\u00bbpost_content\u00a0\u00bb hover_enabled=\u00a0\u00bb0&Prime; sticky_enabled=\u00a0\u00bb0&Prime;][et_pb_accordion_item title=\u00a0\u00bbPouvez-vous aller n\u2019importe o\u00f9 pour votre voyage pr\u00e9-jamboree que votre unit\u00e9\/patrouille veut, ou s\u2019agit-il d\u2019un \u00e9v\u00e9nement organis\u00e9 par le contingent ?  \u00a0\u00bb _builder_version=\u00a0\u00bb4.27.4&Prime; _module_preset=\u00a0\u00bbdefault\u00a0\u00bb theme_builder_area=\u00a0\u00bbpost_content\u00a0\u00bb open=\u00a0\u00bbon\u00a0\u00bb hover_enabled=\u00a0\u00bb0&Prime; sticky_enabled=\u00a0\u00bb0&Prime;]<\/p>\n<p><span data-contrast=\"auto\" class=\"TextRun SCXO160026392 BCX4\" xml:lang=\"EN-CA\" lang=\"EN-CA\"><span class=\"NormalTextRun SCXO160026392 BCX4\">Il y aura une exp\u00e9rience pr\u00e9-jamboree organis\u00e9e \u00e0 laquelle tous les participants et les PUL assisteront en tant que contingent. De <\/span><\/span> <span data-contrast=\"none\" class=\"TextRun SCXO160026392 BCX4\" lang=\"EN-CA\"><span class=\"NormalTextRun SCXO160026392 BCX4\"> Avant le Jamboree, <\/span><\/span><span data-contrast=\"auto\" class=\"TextRun SCXO160026392 BCX4\" lang=\"EN-CA\"><span class=\"NormalTextRun SCXO160026392 BCX4\">tout le contingent se rendra ensemble sur le site du Jamboree.<\/span><\/span><span class=\"EOP SCXO160026392 BCX4\"> <\/span><\/p>\n<p>[\/et_pb_accordion_item][\/et_pb_accordion][\/et_pb_column][\/et_pb_row][\/et_pb_section]<\/p>\n","protected":false},"excerpt":{"rendered":"<p>Il y aura une exp\u00e9rience pr\u00e9-jamboree organis\u00e9e \u00e0 laquelle tous les participants et les PUL assisteront en tant que contingent. De Avant le Jamboree, tout le contingent se rendra ensemble sur le site du Jamboree.<\/p>\n","protected":false},"author":3,"featured_media":0,"parent":1088732,"menu_order":0,"comment_status":"closed","ping_status":"closed","template":"","meta":{"_et_pb_use_builder":"on","_et_pb_old_content":"","_et_gb_content_width":"","footnotes":""},"class_list":["post-1088754","page","type-page","status-publish","hentry"],"_links":{"self":[{"href":"https:\/\/www.poland2027.ca\/fr\/wp-json\/wp\/v2\/pages\/1088754","targetHints":{"allow":["GET"]}}],"collection":[{"href":"https:\/\/www.poland2027.ca\/fr\/wp-json\/wp\/v2\/pages"}],"about":[{"href":"https:\/\/www.poland2027.ca\/fr\/wp-json\/wp\/v2\/types\/page"}],"author":[{"embeddable":true,"href":"https:\/\/www.poland2027.ca\/fr\/wp-json\/wp\/v2\/users\/3"}],"replies":[{"embeddable":true,"href":"https:\/\/www.poland2027.ca\/fr\/wp-json\/wp\/v2\/comments?post=1088754"}],"version-history":[{"count":2,"href":"https:\/\/www.poland2027.ca\/fr\/wp-json\/wp\/v2\/pages\/1088754\/revisions"}],"predecessor-version":[{"id":1088756,"href":"https:\/\/www.poland2027.ca\/fr\/wp-json\/wp\/v2\/pages\/1088754\/revisions\/1088756"}],"up":[{"embeddable":true,"href":"https:\/\/www.poland2027.ca\/fr\/wp-json\/wp\/v2\/pages\/1088732"}],"wp:attachment":[{"href":"https:\/\/www.poland2027.ca\/fr\/wp-json\/wp\/v2\/media?parent=1088754"}],"curies":[{"name":"wp","href":"https:\/\/api.w.org\/{rel}","templated":true}]}}

Pré-Jamboree

<p>[et_pb_section fb_built= »1&Prime; theme_builder_area= »post_content » _builder_version= »4.27.4&Prime; _module_preset= »default »][et_pb_row _builder_version= »4.27.4&Prime; _module_preset= »default » theme_builder_area= »post_content »][et_pb_column _builder_version= »4.27.4&Prime; _module_preset= »default » type= »4_4&Prime; theme_builder_area= »post_content »][et_pb_heading title= »Questions sur le pré-Jamboree » _builder_version= »4.27.4&Prime; _module_preset= »default » theme_builder_area= »post_content » hover_enabled= »0&Prime; sticky_enabled= »0&Prime;][/et_pb_heading][/et_pb_column][/et_pb_row][et_pb_row _builder_version= »4.27.4&Prime; _module_preset= »default » theme_builder_area= »post_content »][et_pb_column _builder_version= »4.27.4&Prime; _module_preset= »default » type= »4_4&Prime; theme_builder_area= »post_content »][et_pb_accordion _builder_version= »4.27.4&Prime; _module_preset= »default » theme_builder_area= »post_content » hover_enabled= »0&Prime; sticky_enabled= »0&Prime;][et_pb_accordion_item title= »Pouvez-vous aller n’importe où pour votre voyage pré-jamboree que votre unité/patrouille veut, ou s’agit-il d’un événement organisé par le contingent ?   » _builder_version= »4.27.4&Prime; _module_preset= »default » theme_builder_area= »post_content » open= »on » hover_enabled= »0&Prime; sticky_enabled= »0&Prime;]</p>
<p><span data-contrast="auto" class="TextRun SCXO160026392 BCX4" xml:lang="EN-CA" lang="EN-CA"><span class="NormalTextRun SCXO160026392 BCX4">Il y aura une expérience pré-jamboree organisée à laquelle tous les participants et les PUL assisteront en tant que contingent. De </span></span> <span data-contrast="none" class="TextRun SCXO160026392 BCX4" lang="EN-CA"><span class="NormalTextRun SCXO160026392 BCX4"> Avant le Jamboree, </span></span><span data-contrast="auto" class="TextRun SCXO160026392 BCX4" lang="EN-CA"><span class="NormalTextRun SCXO160026392 BCX4">tout le contingent se rendra ensemble sur le site du Jamboree.</span></span><span class="EOP SCXO160026392 BCX4"> </span></p>
<p>[/et_pb_accordion_item][/et_pb_accordion][/et_pb_column][/et_pb_row][/et_pb_section]</p>

<p>Il y aura une expérience pré-jamboree organisée à laquelle tous les participants et les PUL assisteront en tant que contingent. De Avant le Jamboree, tout le contingent se rendra ensemble sur le site du Jamboree.</p>
